at are the prime factors of 912344658?
2, 3, 2213, 68711
What are the prime factors of 76023930?
2, 3, 5, 2534131
What are the prime factors of 987611880?
2, 3, 5, 193, 42643
What are the prime factors of 178320924?
2, 3, 1019, 4861
List the prime factors of 315272199.
3, 11, 9553703
What are the prime factors of 3512903392?
2, 17, 6457543
What are the prime factors of 78283445?
5, 3253, 4813
What are the prime factors of 2212730464?
2, 7, 43, 229727
What are the prime factors of 1042139427?
3, 7, 49625687
What are the prime factors of 846755099?
431, 1964629
List the prime factors of 189437542.
2, 7, 47, 67, 4297
List the prime factors of 39121163.
31, 1261973
List the prime factors of 169366397.
83, 2040559
List the prime factors of 17867038.
2, 7, 229, 5573
List the prime factors of 60669974.
2, 17, 67, 26633
List the prime factors of 31699316.
2, 11, 720439
What are the prime factors of 44487763?
44487763
List the prime factors of 160809023.
160809023
List the prime factors of 219476420.
2, 5, 10973821
What are the prime factors of 59009156?
2, 563, 26203
What are the prime factors of 314346728?
2, 17, 331, 6983
What are the prime factors of 2556515339?
7, 5113, 71429
List the prime factors of 50919294.
2, 3, 41, 449, 461
What are the prime factors of 82173244?
2, 20543311
List the prime factors of 1258042062.
2, 3, 31, 101, 167, 401
List the prime factors of 11935321.
23, 47, 61, 181
List the prime factors of 120012371.
41, 2927131
List the prime factors of 81736756.
2, 23, 888443
List the prime factors of 442160814.
2, 3, 73693469
List the prime factors of 233254360.
2, 5, 43, 135613
List the prime factors of 78658265.
5, 7, 2247379
List the prime factors of 2859086579.
19, 41, 463, 7927
What are the prime factors of 342694758?
2, 3, 7, 8159399
List the prime factors of 5863080125.
5, 7, 37, 97, 1867
What are the prime factors of 565761332?
2, 141440333
What are the prime factors of 136622142?
2, 3, 7590119
List the prime factors of 139999627.
31, 4516117
What are the prime factors of 3664599435?
3, 5, 7, 31, 125093
What are the prime factors of 46996795?
5, 1297, 7247
List the prime factors of 64562994.
2, 3, 353, 1129
What are the prime factors of 97239982?
2, 7, 6945713
List the prime factors of 471712133.
471712133
What are the prime factors of 61526856?
2, 3, 37, 193, 359
List the prime factors of 8369007.
3, 2789669
What are the prime factors of 110029064?
2, 139, 98947
What are the prime factors of 157843865?
5, 131, 137, 1759
What are the prime factors of 841492470?
2, 3, 5, 7, 13, 241, 1279
What are the prime factors of 2184067564?
2, 7, 173, 450881
List the prime factors of 55609189.
55609189
List the prime factors of 698458853.
67, 1481, 7039
List the prime factors of 203078951.
131, 1550221
What are the prime factors of 321912448?
2, 11, 13, 43, 409
List the prime factors of 73275576.
2, 3, 11, 17, 29, 563
List the prime factors of 23190828.
2, 3, 1279, 1511
What are the prime factors of 84137041?
84137041
List the prime factors of 680141198.
2, 11, 211, 146519
List the prime factors of 41333761.
7, 2333, 2531
List the prime factors of 1841335390.
2, 5, 389, 473351
What are the prime factors of 565030565?
5, 11, 10273283
What are the prime factors of 1355997959?
23, 139, 424147
What are the prime factors of 176182282?
2, 53, 1033, 1609
What are the prime factors of 279978330?
2, 3, 5, 53, 176087
List the prime factors of 23568965.
5, 7, 673399
What are the prime factors of 1866401043?
3, 13, 941, 50857
What are the prime factors of 234081815?
5, 11, 1721, 2473
List the prime factors of 3198300317.
53, 659, 91571
What are the prime factors of 96001170?
2, 3, 5, 3200039
What are the prime factors of 72509854?
2, 36254927
What are the prime factors of 133790761?
13, 19, 31, 101, 173
List the prime factors of 126314693.
43, 59, 49789
What are the prime factors of 182140523?
182140523
What are the prime factors of 109298220?
2, 3, 5, 479, 3803
What are the prime factors of 97854266?
2, 191, 256163
What are the prime factors of 156887126?
2, 11, 173, 41221
List the prime factors of 1016512891.
593, 1714187
What are the prime factors of 2329516418?
2, 1164758209
List the prime factors of 25125712.
2, 1570357
List the prime factors of 87371937.
3, 19, 599, 853
What are the prime factors of 170078214?
2, 3, 29, 31, 31531
List the prime factors of 358274230.
2, 5, 35827423
List the prime factors of 1959466866.
2, 3, 7, 5881, 7933
List the prime factors of 1911345995.
5, 13, 41, 83, 8641
List the prime factors of 5852200967.
227, 25780621
List the prime factors of 47524500.
2, 3, 5, 59, 179
List the prime factors of 2743265168.
2, 7, 47, 521137
List the prime factors of 305380810.
2, 5, 7, 4362583
List the prime factors of 56944577.
17, 19, 176299
What are the prime factors of 8363779192?
2, 83, 12596053
List the prime factors of 90807553.
90807553
What are the prime factors of 111174547?
11, 73, 138449
List the prime factors of 42583432.
2, 107, 49747
What are the prime factors of 2390706023?
41, 409, 142567
What are the prime factors of 34776979?
41, 173, 4903
List the prime factors of 7057015866.
2, 3, 130685479
What are the prime factors of 14955470?
2, 5, 19, 78713
What are the prime factors of 2652616827?
3, 7, 5839, 7211
What are the prime factors of 317298851?
317298851
List the prime factors of 53921849.
1187, 45427
List the prime factors of 18837091.
7, 13, 317, 653
What are the prime factors of 19585384?
2, 7, 13, 26903
List the prime factors of 951736284.
2, 3, 359, 24547
List the prime factors of 504781226.
2, 59, 757, 5651
List the prime factors of 110962886.
2, 89, 623387
What are the prime factors of 162069930?
2, 3, 5, 11, 197, 277
What are the prime factors of 57242457?
3, 101, 6997
What are the prime factors of 3822451?
113, 33827
What are the prime factors of 630406201?
41, 97, 293, 541
List the prime factors of 92509405.
5, 881, 21001
What are the prime factors of 19446213?
3, 6482071
List the prime factors of 435083744.
2, 13596367
List the prime factors of 4102828839.
3, 455869871
List the prime factors of 2327871049.
7, 332553007
List the prime factors of 50263607.
19, 2645453
What are the prime factors of 223359951?
3, 673, 110629
List the prime factors of 4342200023.
7, 641, 138247
List the prime factors of 27322437.
3, 19, 29, 16529
What are the prime factors of 25520187?
3, 7, 11, 110477
What are the prime factors of 82575437?
7, 43, 39191
List the prime factors of 537580826.
2, 89, 3020117
What are the prime factors of 189330202?
2, 94665101
List the prime factors of 31498970.
2, 5, 3149897
List the prime factors of 3732015990.
2, 3, 5, 61, 2039353
List the prime factors of 260371447.
7, 67, 79309
List the prime factors of 47455273.
43, 1103611
List the prime factors of 271061597.
3617, 74941
What are the prime factors of 1599315660?
2, 3, 5, 8885087
List the prime factors of 64079284.
2, 137, 116933
What are the prime factors of 2677511117?
619, 4325543
What are the prime factors of 40883439?
3, 1777, 7669
What are the prime factors of 1310298171?
3, 7, 13, 17, 53, 761
What are the prime factors of 56893116?
2, 3, 7, 96757
List the prime factors of 1559457624.
2, 3, 1583, 41047
List the prime factors of 91988106.
2, 3, 7, 2190193
List the prime factors of 1468959329.
89, 16505161
List the prime factors of 869190854.
2, 7, 5261, 11801
List the prime factors of 141812752.
2, 577, 15361
What are the prime factors of 56712189?
3, 18904063
List the prime factors of 67882901.
31, 37, 59183
List the prime factors of 8892319.
31, 79, 3631
What are the prime factors of 194640967?
194640967
What are the prime factors of 611255747?
761, 803227
What are the prime factors of 287862562?
2, 13, 3061, 3617
List the prime factors of 513233944.
2, 17, 221987
List the prime factors of 786054629.
17569, 44741
List the prime factors of 1751873196.
2, 3, 157, 929869
What are the prime factors of 274450135?
5, 54890027
What are the prime factors of 6147715063?
7, 878245009
What are the prime factors of 763856920?
2, 5, 17, 1123319
List the prime factors of 113382089.
113382089
List the prime factors of 401062563.
3, 11, 1350379
What are the prime factors of 844497821?
107, 7892503
What are the prime factors of 26192905?
5, 5